-0*q + 3*q + 150. Calculate the highest common factor of u and i.
13
Let f(s) = -s + 11. Let c be f(10). Let z be (-52)/3 - c/(-3). Let x = 32 + z. What is the highest common factor of x and 60?
15
Let p(a) = -2*a + 8. Let t be p(6). Suppose 3*z - 5*z = 5*w - 100, -z = -w + 27. Let o = t + w. What is the greatest common factor of 12 and o?
6
Suppose -54 = -0*i - 5*i + 4*p, -2 = 2*p. What is the highest common factor of 790 and i?
10
Suppose 375 = 3*s + 183. Calculate the highest common factor of s and 8.
8
Suppose -4*d - 5*d = -3*d. Let q be (-3)/(-12) - (-30)/8. Suppose h = q*h - 2*x - 153, d = 4*x. Calculate the greatest common divisor of 34 and h.
17
Let k(n) be the first derivative of n**3/3 - 2*n**2 + 21*n + 34. Let y be k(7). Calculate the greatest common divisor of y and 42.
42
Suppose 3*a - 288 = -9*a. Let u = -3 + 6. Calculate the greatest common factor of a and u.
3
Let l be (-56)/12*6/4*-1. Let f be l + (-11)/(-2) + 2/(-4). What is the highest common divisor of f and 4?
4
Let l = 58 - 127. Let a = l - -97. Calculate the highest common divisor of a and 224.
28
Suppose 4*b - 18 = -5*o - 0, 5*o - 2*b - 6 = 0. Let w be 1*o*33/6. Suppose -2*c = -12 - 10. What is the highest common factor of w and c?
11
Let s(j) = -j + 1. Let w be 1/6 + 22/12. Let d be s(w). Let z be (1 - d)/(-2)*-8. What is the highest common factor of z and 12?
4
Let x = 898 + -881. What is the greatest common factor of x and 1071?
17
Let z be 1/(-2) + 267/2. What is the highest common divisor of 7 and z?
7
Let n be 110/60*126/3. What is the greatest common divisor of n and 21?
7
Let l be 0 + 3 + (7 - 5). Let r(m) = -5*m + 3. Let q be r(-4). Let i be q/l - (-33)/(-55). What is the greatest common divisor of i and 8?
4
Let i(d) = -2*d**2 - 36*d - 52. Let v be i(-16). Calculate the greatest common factor of v and 1164.
12
Let p be -1 - (2 - (0 - -5))*17. Let h = p + -38. Calculate the greatest common factor of 9 and h.
3
Let t = -252 - -387. Calculate the greatest common divisor of t and 150.
15
Let z = -1213 - -1273. Let i = -10 - -34. Calculate the greatest common factor of z and i.
12
Let p(i) = -143*i**3 + 2*i**2 - i - 2. Let b be (1/5)/(1/5)*-1. Let q be p(b). Calculate the highest common factor of 18 and q.
18
Let f(u) = -u**3 - 8*u**2 - 7*u - 26. Let b be f(-8). What is the greatest common factor of 150 and b?
30
Let f(g) = 33*g - 9 - 16*g - 15*g. Let d be f(5). What is the highest common factor of d and 1?
1
Let k = -1573 + 5234. Let i be (-6)/(-45) + k/105. What is the greatest common factor of 14 and i?
7
Let i = -1567 - -1798. Let d(l) = 4*l + 1. Let w be d(5). What is the greatest common divisor of i and w?
21
Suppose 25*b - 122 = 103. What is the greatest common factor of 423 and b?
9
Suppose 0 = 4*b + 685 - 765. Calculate the greatest common divisor of b and 90.
10
Let k = 113 - -13. What is the greatest common divisor of 14 and k?
14
Let s(t) be the third derivative of t**6/120 - 7*t**5/30 - 19*t**4/24 + t**3/6 - 2*t**2 - 15. Let b be s(16). What is the highest common divisor of b and 19?
19
Let g = 726 - 722. Calculate the highest common factor of g and 12.
4
Let n be (-1)/((-511)/(-128) + (-2 - 2)). Calculate the greatest common divisor of n and 800.
32
Suppose -c = 0, -3*k - 2*k + 115 = 5*c. Calculate the highest common factor of 207 and k.
23
Let a = 337 - 241. Let z = 184 - a. Let u be (1*(-8)/56)/(5/(-175)) + 3. What is the greatest common divisor of u and z?
8
Suppose 4*u - 2*j = 392, 4*j + 211 = 5*u - 276. Let c = 28 + -19. Let a be -1*2 + 2 + c. Calculate the highest common divisor of u and a.
9
Let d = 234 + -340. Let j = d - -151. Calculate the highest common divisor of 75 and j.
15
Let l(h) = -2*h**3 + 61*h**2 - 27*h - 60. Let g be l(30). Suppose 0 = 3*p - s - 224, 0*p - 3*p - s + 226 = 0. What is the greatest common divisor of p and g?
15
Let k = -15 + 21. Let s be (158 - 7) + k/3. Suppose 0 = -0*a + 3*a - s. Calculate the greatest common factor of a and 17.
17
Suppose -3*v + 210 = 2*v. Let m = 20 - -8. What is the highest common divisor of v and m?
14
Let h(a) = a + 4. Let y be h(8). Let b = y - 9. Suppose -b*w - 12 + 0 = 0, -3*q + 41 = -2*w. What is the greatest common divisor of q and 88?
11
Suppose 54*l - 61*l + 154 = 0. What is the highest common divisor of l and 22?
22
Suppose 11*o = -845 + 2341. What is the greatest common divisor of 64 and o?
8
Suppose 34 = -2*i + 128. Suppose -4*b + i = 3*h, 3*h - 67 = 5*b - 4*b. Let t = h + -18. Calculate the highest common divisor of 24 and t.
3
Let i be (-12)/8*(-46)/3. Suppose -k - 4*k = -15, -j + 4*k + 195 = 0. Calculate the greatest common divisor of i and j.
23
Let s = 635 + -630. Let h(k) = 2*k**2 - 3*k. Let c be h(4). What is the greatest common divisor of s and c?
5
Let a = -29 - -41. Suppose -z - a = -124. Calculate the greatest common factor of z and 16.
16
Let i = -24 + 48. Let y(u) = -3*u**2 - 28*u - 25. Let b be y(-5). What is the highest common divisor of b and i?
8
Let i = -1459 + 2097. Suppose -4*s + i = 62. Calculate the greatest common divisor of s and 18.
18
Let d(w) = -3 - w**2 + 3*w**2 - w**2 + w**2 + 2*w. Let k be d(-6). Calculate the greatest common factor of 228 and k.
57
Let b(o) = -113*o - 98. Let x be b(-1). What is the greatest common factor of x and 240?
15
Let f(d) = d**3 - 7*d**2 + 3*d + 14. Let n be f(7). Suppose 0 = -5*x + 5*l + n, -x - 4*l + 3 = -19. What is the highest common factor of x and 110?
10
Let m(f) = 4*f**2 - f - 10. Let j be m(3). Suppose -5*u - j = -w, 0 = 2*w + u + 9 - 44. What is the greatest common divisor of 27 and w?
9
Let f be (-4)/8 + 102/(-4). Let w be (f/5)/((-1)/5). Let l(x) = -27*x - 69. Let z be l(-4). Calculate the highest common factor of w and z.
13
Suppose -3*b + 16 = -20. Let a = -14 + b. Let l be 6/2 + (-1 - a). What is the greatest common factor of 20 and l?
4
Suppose -39*s = -60*s + 2961. What is the greatest common divisor of 188 and s?
47
Let x(p) = 3*p**2 - 6*p + 3. Let o be x(5). Suppose 0 = -t - 3*t + o. What is the greatest common factor of t and 12?
12
Suppose 167 = 5*o - 28. Let d be (6/4)/(o/1508). What is the greatest common factor of d and 87?
29
Suppose -2*h = -8*h + 210. Suppose 38*i - 285 = h*i. Calculate the greatest common factor of 38 and i.
19
Suppose -127 = -3*v - 2*p, -5*v - 4*p = -141 - 70. Calculate the greatest common factor of 473 and v.
43
Let u be (16 - 6 - 4)/((-1)/(-15)). Calculate the greatest common factor of u and 30.
30
Let f = 204 - 113. Let k = f - 87. What is the greatest common factor of 12 and k?
4
Suppose -616 = -90*d + 86*d. What is the highest common divisor of d and 98?
14
Suppose 83 = 3*r - 70. Suppose -r*w = -48*w - 27. What is the greatest common divisor of w and 45?
9
Let c(d) = -d**2 - 39*d - 148. Let a be c(-12). What is the greatest common divisor of 748 and a?
44
Let t = 694 + -646. Calculate the greatest common divisor of 368 and t.
16
Suppose -1396*f - 143 = -1409*f. Calculate the greatest common divisor of 143 and f.
11
Suppose 3 = 4*l - 2*n - 3, l - 2*n - 6 = 0. Suppose l = -0*c + c - 4. Suppose -c*r + 144 = -r. Calculate the greatest common divisor of r and 8.
8
Let t = 83 + -47. Suppose -11*m + 334 = -62. Calculate the greatest common divisor of m and t.
36
Let p(f) = 11*f**2 + 2*f + 3. Let c be p(-2). Calculate the highest common factor of c and 1.
1
Suppose -6*w + 133 + 47 = 0. Suppose -6*o + 3*o = -v - 38, 3*o = -2*v + 50. Suppose -4*g + 46 = -o. What is the highest common divisor of w and g?
15
Suppose 0 = 8*r - 6*r - 26. Suppose 7*t + 24 = r*t. Suppose 0 = t*j - c - 395, 397 = -0*j + 4*j + c. What is the greatest common factor of 9 and j?
9
Let b = -365 - -378. What is the highest common divisor of 403 and b?
13
Let w be 1/5 + -46*(-86)/20. Calculate the greatest common factor of 22 and w.
22
Let p(j) = -j**3 + 20*j**2 - 64*j + 15. Let z be p(16). Calculate the highest common factor of z and 105.
15
Let d = 347 + -131. Let z be (d/32)/((-1)/(-4)). Suppose -5*j + 4*r + z = 7, -2*r = 0. Calculate the greatest common factor of j and 36.
4
Suppose 0 = -5*j - 102 + 357. Let v = j + -35. Calculate the highest common factor of 4 and v.
4
Suppose -4*f + 52 = f - 3*p, 5*f - 4*p = 56. Suppose 0 = 11*c - 16*c - 680. Let j = -116 - c. Calculate the greatest common divisor of f and j